{"id":93,"date":"2020-08-18T19:49:59","date_gmt":"2020-08-18T19:49:59","guid":{"rendered":"https:\/\/academiavirtualprogreso.mx\/?page_id=93"},"modified":"2021-04-02T20:49:32","modified_gmt":"2021-04-02T20:49:32","slug":"aventuras","status":"publish","type":"page","link":"https:\/\/academiavirtualprogreso.mx\/?page_id=93","title":{"rendered":"Aventuras!"},"content":{"rendered":"<p><img loading=\"lazy\" class=\"size-full wp-image-96 alignright\" src=\"https:\/\/academiavirtualprogreso.mx\/wp-content\/uploads\/2020\/08\/ana21apr02-2_002.png\" alt=\"\" width=\"150\" height=\"175\" \/>\u00a1Hola! Soy<strong> Ana<\/strong> y estoy aqu\u00ed para ayudarte a encontrar muchas cosas nuevas en Internet.<\/p>\n<p>\u00a1Lo mejor de buscar cosas es que a menudo encuentras OTRAS cosas nuevas en las que nunca antes hab\u00edas pensado!<\/p>\n<p>Por ejemplo, si busca <strong>Progreso<\/strong>, puede descubrir que hay otro Progreso en el estado de Hidalgo, M\u00e9xico, y a\u00fan otro en Texas, EE. UU.<\/p>\n<p>\u00a1O puede averiguar a d\u00f3nde van los turistas de los cruceros y aprender sobre ellos tambi\u00e9n! Hay mucha informaci\u00f3n y miles de fotos en Internet; puedes convertirte en un experto.<\/p>\n<p><img loading=\"lazy\" class=\"wp-image-254 size-full alignleft\" src=\"https:\/\/academiavirtualprogreso.mx\/wp-content\/uploads\/2021\/04\/ana21apr02-2_003-300.png\" alt=\"\" width=\"75\" height=\"300\" \/>Vamos a explorar muchos lugares fant\u00e1sticos en Internet durante el a\u00f1o. Usaremos sitios web como motores de b\u00fasqueda, mapas y diccionarios. Encontraremos sitios para aprender mucho sobre Yucat\u00e1n y los mayas.<\/p>\n<p>\u00a1Lo m\u00e1s importante es que vamos a aprender a usar Internet para<em> divertirnos aprendiendo lo que queramos!<\/em><\/p>\n<p>\u00a1Empezaremos con algo muy f\u00e1cil! Solo ve a <a href=\"https:\/\/academiavirtualprogreso.mx\/?p=46\"><strong>Aventura 1<\/strong><\/a>.<\/p>\n<p>M\u00e1s aventuras est\u00e1n aqu\u00ed, \u00a1pero hazlas en orden!<\/p>\n<p style=\"text-align: right;\"><em>Aqu\u00ed est\u00e1 mi nombre escrito en lengua maya:\u00a0 <img loading=\"lazy\" class=\"alignnone size-full wp-image-162\" src=\"https:\/\/academiavirtualprogreso.mx\/wp-content\/uploads\/2020\/08\/200831AnaMaya.gif\" alt=\"\" width=\"80\" height=\"67\" \/><\/em><\/p>\n<p style=\"text-align: right;\"><em>En otra aventura, aprenderemos m\u00e1s sobre este antiguo y hermoso idioma.<\/em><\/p>\n","protected":false},"excerpt":{"rendered":"<p>\u00a1Hola! Soy Ana y estoy aqu\u00ed para ayudarte a encontrar muchas cosas nuevas en Internet. \u00a1Lo mejor de buscar cosas es que a menudo encuentras OTRAS cosas nuevas en las que nunca antes hab\u00edas pensado! Por ejemplo, si busca Progreso, puede descubrir que hay otro Progreso en el estado de Hidalgo, M\u00e9xico, y a\u00fan otro<br \/><a class=\"moretag\" href=\"https:\/\/academiavirtualprogreso.mx\/?page_id=93\">+ Read More<\/a><\/p>\n","protected":false},"author":1,"featured_media":0,"parent":0,"menu_order":0,"comment_status":"closed","ping_status":"closed","template":"","meta":[],"_links":{"self":[{"href":"https:\/\/academiavirtualprogreso.mx\/index.php?rest_route=\/wp\/v2\/pages\/93"}],"collection":[{"href":"https:\/\/academiavirtualprogreso.mx\/index.php?rest_route=\/wp\/v2\/pages"}],"about":[{"href":"https:\/\/academiavirtualprogreso.mx\/index.php?rest_route=\/wp\/v2\/types\/page"}],"author":[{"embeddable":true,"href":"https:\/\/academiavirtualprogreso.mx\/index.php?rest_route=\/wp\/v2\/users\/1"}],"replies":[{"embeddable":true,"href":"https:\/\/academiavirtualprogreso.mx\/index.php?rest_route=%2Fwp%2Fv2%2Fcomments&post=93"}],"version-history":[{"count":7,"href":"https:\/\/academiavirtualprogreso.mx\/index.php?rest_route=\/wp\/v2\/pages\/93\/revisions"}],"predecessor-version":[{"id":255,"href":"https:\/\/academiavirtualprogreso.mx\/index.php?rest_route=\/wp\/v2\/pages\/93\/revisions\/255"}],"wp:attachment":[{"href":"https:\/\/academiavirtualprogreso.mx\/index.php?rest_route=%2Fwp%2Fv2%2Fmedia&parent=93"}],"curies":[{"name":"wp","href":"https:\/\/api.w.org\/{rel}","templated":true}]}}